{"id":126,"date":"2025-03-12T14:17:22","date_gmt":"2025-03-12T13:17:22","guid":{"rendered":"http:\/\/masters.pzjudo.pl\/?page_id=126"},"modified":"2025-03-12T14:19:05","modified_gmt":"2025-03-12T13:19:05","slug":"kalendarz","status":"publish","type":"page","link":"http:\/\/masters.pzjudo.pl\/?page_id=126","title":{"rendered":"Kalendarz zawod\u00f3w weteran\u00f3w i amator\u00f3w"},"content":{"rendered":"\n<p class=\"is-style-text-subtitle is-style-text-subtitle--1\">Kalendarz star\u00f3w mi\u0119dzynarodowych w pierwszej po\u0142owie 2025 roku<\/p>\n\n\n\n<figure class=\"wp-block-image size-full\"><img loading=\"lazy\" decoding=\"async\" width=\"600\" height=\"900\" src=\"http:\/\/masters.pzjudo.pl\/wp-content\/uploads\/2025\/03\/476085951_122107527584738760_5050668924517684777_n.jpg\" alt=\"\" class=\"wp-image-127\"\/><\/figure>\n\n\n\n<p class=\"is-style-text-subtitle is-style-text-subtitle--2\">Pozosta\u0142e turnieje w 2025 roku<\/p>\n\n\n\n<details class=\"wp-block-details is-layout-flow wp-block-details-is-layout-flow\"><summary>27. Judopokalwettkampf der Stadt Falkensee<\/summary>\n<p>Data: 22.03.2025<br>Miejsce: 14612 Falkensee, Stadthalle, Scharenbergstr. 15, NIEMCY<br>Grupy wiekowe: \u00dc30 (od 1995), \u00dc40 (od 1985), \u00dc50 (od1975) &#8211; weterani i amatorzy walcz\u0105 razem<br>Komunikat: <a href=\"https:\/\/judoschule-falkensee.de\/wp-content\/uploads\/Ausschreibung_2025.pdf\">POBIERZ<\/a><\/p>\n<\/details>\n\n\n\n<details class=\"wp-block-details is-layout-flow wp-block-details-is-layout-flow\"><summary>III. Judo Masters Cup Gliwice for Veterans<\/summary>\n<p>Data: 05.04.2025<br>Miejsce: 44-100 GLIWICE ul. gen. W. Sikorskiego 130, POLSKA<br>Grupy wiekowe: M0-M8, F0-F8, AM0-AM8, AF0-AF8 &#8211; grupy wiekowe co 10 lat<br>Komunikat: <a href=\"https:\/\/ks-judo-team-masters-gliwice.pl\/site\/download-attachment\/3\">POBIERZ<\/a><\/p>\n<\/details>\n","protected":false},"excerpt":{"rendered":"<p>Kalendarz star\u00f3w mi\u0119dzynarodowych w pierwszej po\u0142owie 2025 roku Pozosta\u0142e turnieje w 2025 roku<\/p>\n","protected":false},"author":1,"featured_media":0,"parent":0,"menu_order":0,"comment_status":"closed","ping_status":"closed","template":"","meta":{"footnotes":""},"class_list":["post-126","page","type-page","status-publish","hentry"],"_links":{"self":[{"href":"http:\/\/masters.pzjudo.pl\/index.php?rest_route=\/wp\/v2\/pages\/126","targetHints":{"allow":["GET"]}}],"collection":[{"href":"http:\/\/masters.pzjudo.pl\/index.php?rest_route=\/wp\/v2\/pages"}],"about":[{"href":"http:\/\/masters.pzjudo.pl\/index.php?rest_route=\/wp\/v2\/types\/page"}],"author":[{"embeddable":true,"href":"http:\/\/masters.pzjudo.pl\/index.php?rest_route=\/wp\/v2\/users\/1"}],"replies":[{"embeddable":true,"href":"http:\/\/masters.pzjudo.pl\/index.php?rest_route=%2Fwp%2Fv2%2Fcomments&post=126"}],"version-history":[{"count":3,"href":"http:\/\/masters.pzjudo.pl\/index.php?rest_route=\/wp\/v2\/pages\/126\/revisions"}],"predecessor-version":[{"id":131,"href":"http:\/\/masters.pzjudo.pl\/index.php?rest_route=\/wp\/v2\/pages\/126\/revisions\/131"}],"wp:attachment":[{"href":"http:\/\/masters.pzjudo.pl\/index.php?rest_route=%2Fwp%2Fv2%2Fmedia&parent=126"}],"curies":[{"name":"wp","href":"https:\/\/api.w.org\/{rel}","templated":true}]}}