{"id":132,"date":"2025-03-12T14:23:09","date_gmt":"2025-03-12T13:23:09","guid":{"rendered":"http:\/\/masters.pzjudo.pl\/?page_id=132"},"modified":"2025-03-12T14:27:33","modified_gmt":"2025-03-12T13:27:33","slug":"przepisy-judo-2025","status":"publish","type":"page","link":"http:\/\/masters.pzjudo.pl\/?page_id=132","title":{"rendered":"Przepisy judo 2025"},"content":{"rendered":"\n<p>Zach\u0119camy do zapoznania si\u0119 z wytycznymi dla s\u0119dzi\u00f3w na podstawie aktualnych przepis\u00f3w walki na rok 2025.<\/p>\n\n\n\n<div data-wp-interactive=\"core\/file\" class=\"wp-block-file\"><object data-wp-bind--hidden=\"!state.hasPdfPreview\" hidden class=\"wp-block-file__embed\" data=\"http:\/\/masters.pzjudo.pl\/wp-content\/uploads\/2025\/03\/przepisy_sedziowskie_ijf_2025.pdf\" type=\"application\/pdf\" style=\"width:100%;height:950px\" aria-label=\"Osadzone z przepisy_sedziowskie_ijf_2025.\"><\/object><a id=\"wp-block-file--media-66110387-f5fe-4381-b929-15375a90d166\" href=\"http:\/\/masters.pzjudo.pl\/wp-content\/uploads\/2025\/03\/przepisy_sedziowskie_ijf_2025.pdf\">przepisy_sedziowskie_ijf_2025<\/a><a href=\"http:\/\/masters.pzjudo.pl\/wp-content\/uploads\/2025\/03\/przepisy_sedziowskie_ijf_2025.pdf\" class=\"wp-block-file__button wp-element-button\" download aria-describedby=\"wp-block-file--media-66110387-f5fe-4381-b929-15375a90d166\">Pobierz<\/a><\/div>\n","protected":false},"excerpt":{"rendered":"<p>Zach\u0119camy do zapoznania si\u0119 z wytycznymi dla s\u0119dzi\u00f3w na podstawie aktualnych przepis\u00f3w walki na rok 2025.<\/p>\n","protected":false},"author":1,"featured_media":0,"parent":0,"menu_order":0,"comment_status":"closed","ping_status":"closed","template":"","meta":{"footnotes":""},"class_list":["post-132","page","type-page","status-publish","hentry"],"_links":{"self":[{"href":"http:\/\/masters.pzjudo.pl\/index.php?rest_route=\/wp\/v2\/pages\/132","targetHints":{"allow":["GET"]}}],"collection":[{"href":"http:\/\/masters.pzjudo.pl\/index.php?rest_route=\/wp\/v2\/pages"}],"about":[{"href":"http:\/\/masters.pzjudo.pl\/index.php?rest_route=\/wp\/v2\/types\/page"}],"author":[{"embeddable":true,"href":"http:\/\/masters.pzjudo.pl\/index.php?rest_route=\/wp\/v2\/users\/1"}],"replies":[{"embeddable":true,"href":"http:\/\/masters.pzjudo.pl\/index.php?rest_route=%2Fwp%2Fv2%2Fcomments&post=132"}],"version-history":[{"count":3,"href":"http:\/\/masters.pzjudo.pl\/index.php?rest_route=\/wp\/v2\/pages\/132\/revisions"}],"predecessor-version":[{"id":138,"href":"http:\/\/masters.pzjudo.pl\/index.php?rest_route=\/wp\/v2\/pages\/132\/revisions\/138"}],"wp:attachment":[{"href":"http:\/\/masters.pzjudo.pl\/index.php?rest_route=%2Fwp%2Fv2%2Fmedia&parent=132"}],"curies":[{"name":"wp","href":"https:\/\/api.w.org\/{rel}","templated":true}]}}