{"id":39,"date":"2025-03-09T11:42:28","date_gmt":"2025-03-09T10:42:28","guid":{"rendered":"http:\/\/masters.pzjudo.pl\/?page_id=39"},"modified":"2025-04-02T21:59:07","modified_gmt":"2025-04-02T19:59:07","slug":"mapa_klubow","status":"publish","type":"page","link":"http:\/\/masters.pzjudo.pl\/?page_id=39","title":{"rendered":"Mapa klub\u00f3w z sekcj\u0105 Weteran \/ Amator"},"content":{"rendered":"\n<div class=\"wp-block-group alignfull is-layout-flow wp-block-group-is-layout-flow\">\n<div class=\"wp-block-group alignfull is-style-section-1 is-layout-flow wp-block-group-is-layout-flow is-style-section-1--1\" style=\"padding-top:var(--wp--preset--spacing--50);padding-bottom:var(--wp--preset--spacing--50)\">\n<center><iframe loading=\"lazy\" src=\"https:\/\/www.google.com\/maps\/d\/u\/0\/embed?mid=1izeUNXiE_mskkITRV6upr3Q3GCbSkUk&#038;ehbc=2E312F\" width=\"1024\" height=\"768\"><\/iframe><\/center>\n<\/div>\n<\/div>\n\n\n\n<p>Mapa jest w trakcie tworzenia \ud83d\ude42<\/p>\n\n\n\n<p>Aby doda\u0107 sw\u00f3j klub do mapy, prosz\u0119 pisa\u0107 na adres: wfijalkowski@judo.szczecin.pl<br>W temacie maila prosz\u0119 wstawi\u0107: [KLUB MASTERS] temat<\/p>\n","protected":false},"excerpt":{"rendered":"<p>Mapa jest w trakcie tworzenia \ud83d\ude42 Aby doda\u0107 sw\u00f3j klub do mapy, prosz\u0119 pisa\u0107 na adres: wfijalkowski@judo.szczecin.plW temacie maila prosz\u0119 wstawi\u0107: [KLUB MASTERS] temat<\/p>\n","protected":false},"author":1,"featured_media":0,"parent":0,"menu_order":0,"comment_status":"closed","ping_status":"closed","template":"","meta":{"footnotes":""},"class_list":["post-39","page","type-page","status-publish","hentry"],"_links":{"self":[{"href":"http:\/\/masters.pzjudo.pl\/index.php?rest_route=\/wp\/v2\/pages\/39","targetHints":{"allow":["GET"]}}],"collection":[{"href":"http:\/\/masters.pzjudo.pl\/index.php?rest_route=\/wp\/v2\/pages"}],"about":[{"href":"http:\/\/masters.pzjudo.pl\/index.php?rest_route=\/wp\/v2\/types\/page"}],"author":[{"embeddable":true,"href":"http:\/\/masters.pzjudo.pl\/index.php?rest_route=\/wp\/v2\/users\/1"}],"replies":[{"embeddable":true,"href":"http:\/\/masters.pzjudo.pl\/index.php?rest_route=%2Fwp%2Fv2%2Fcomments&post=39"}],"version-history":[{"count":15,"href":"http:\/\/masters.pzjudo.pl\/index.php?rest_route=\/wp\/v2\/pages\/39\/revisions"}],"predecessor-version":[{"id":169,"href":"http:\/\/masters.pzjudo.pl\/index.php?rest_route=\/wp\/v2\/pages\/39\/revisions\/169"}],"wp:attachment":[{"href":"http:\/\/masters.pzjudo.pl\/index.php?rest_route=%2Fwp%2Fv2%2Fmedia&parent=39"}],"curies":[{"name":"wp","href":"https:\/\/api.w.org\/{rel}","templated":true}]}}