{"id":79,"date":"2025-03-10T11:39:48","date_gmt":"2025-03-10T10:39:48","guid":{"rendered":"http:\/\/masters.pzjudo.pl\/?page_id=79"},"modified":"2025-03-10T13:20:15","modified_gmt":"2025-03-10T12:20:15","slug":"licencja-pzjudo","status":"publish","type":"page","link":"http:\/\/masters.pzjudo.pl\/?page_id=79","title":{"rendered":"Instrukcja wyrobienia licencji PZJudo"},"content":{"rendered":"\n<figure class=\"wp-block-image aligncenter size-full is-resized\"><img loading=\"lazy\" decoding=\"async\" width=\"940\" height=\"788\" src=\"http:\/\/masters.pzjudo.pl\/wp-content\/uploads\/2025\/03\/licencja_pzjudo-1.jpg\" alt=\"\" class=\"wp-image-105\" style=\"width:256px\"\/><\/figure>\n\n\n\n<p>Zawodnicy, kt\u00f3rzy chc\u0105 bra\u0107 udzia\u0142 w turniejach Weteran\u00f3w oraz Amator\u00f3w organizowanych przez PZJudo, IJF oraz EJU oraz ubiega\u0107 si\u0119 o kart\u0119 ID IJF Veteran musz\u0105 posiada\u0107 aktywn\u0105 krajow\u0105 licencj\u0119 PZJudo. Krajowa licencja zawodnicza dla Weteran\u00f3w i Amator\u00f3w wa\u017cna jest w danym roku kalendarzowym.<br>W celu wyrobienia licencji nale\u017cy:<br><br>1. Na konto PZJudo 89 1090 2011 0000 0001 3384 2107 wp\u0142aci\u0107 kwot\u0119 100 PLN<br><br>2. W tytule przelewu napisa\u0107 \u201e Licencja krajowa 2025 Weteran\/Amator NAZWISKO I IMI\u0118 ZAWODNIKA\u201d<br><br>3. Na dwa adresy email licencje@pzjudo.pl oraz masters@pzjudo.pl (tymczasowo, do dowo\u0142ania) wys\u0142a\u0107 wniosek o wydanie lub przed\u0142u\u017cenie krajowej licencji oraz skan potwierdzenia przelewu.<br><br>4. Punkty 1 i 2 nie dotycz\u0105 trener\u00f3w posiadaj\u0105cych aktywn\u0105 op\u0142acon\u0105 licencja trenersk\u0105 PZJudo na rok 2025. Trenerzy powinni wys\u0142a\u0107 jedynie email z pro\u015bb\u0105 o aktywacj\u0119 licencji Weterana na rok 2025, zaznaczaj\u0105c, \u017ce maj\u0105 op\u0142acon\u0105 licencj\u0119 trenersk\u0105.<br><br>W przypadku jakichkolwiek pyta\u0144 lub niejasno\u015bci prosimy o kontakt poprzez email masters@pzjudo.pl .<\/p>\n\n\n","protected":false},"excerpt":{"rendered":"<p>Zawodnicy, kt\u00f3rzy chc\u0105 bra\u0107 udzia\u0142 w turniejach Weteran\u00f3w oraz Amator\u00f3w organizowanych przez PZJudo, IJF oraz EJU oraz ubiega\u0107 si\u0119 o kart\u0119 ID IJF Veteran musz\u0105 posiada\u0107 aktywn\u0105 krajow\u0105 licencj\u0119 PZJudo. Krajowa licencja zawodnicza dla Weteran\u00f3w i Amator\u00f3w wa\u017cna jest w danym roku kalendarzowym.W celu wyrobienia licencji nale\u017cy: 1. Na konto PZJudo 89 1090 2011 0000 [&hellip;]<\/p>\n","protected":false},"author":1,"featured_media":0,"parent":0,"menu_order":0,"comment_status":"closed","ping_status":"closed","template":"","meta":{"footnotes":""},"class_list":["post-79","page","type-page","status-publish","hentry"],"_links":{"self":[{"href":"http:\/\/masters.pzjudo.pl\/index.php?rest_route=\/wp\/v2\/pages\/79","targetHints":{"allow":["GET"]}}],"collection":[{"href":"http:\/\/masters.pzjudo.pl\/index.php?rest_route=\/wp\/v2\/pages"}],"about":[{"href":"http:\/\/masters.pzjudo.pl\/index.php?rest_route=\/wp\/v2\/types\/page"}],"author":[{"embeddable":true,"href":"http:\/\/masters.pzjudo.pl\/index.php?rest_route=\/wp\/v2\/users\/1"}],"replies":[{"embeddable":true,"href":"http:\/\/masters.pzjudo.pl\/index.php?rest_route=%2Fwp%2Fv2%2Fcomments&post=79"}],"version-history":[{"count":3,"href":"http:\/\/masters.pzjudo.pl\/index.php?rest_route=\/wp\/v2\/pages\/79\/revisions"}],"predecessor-version":[{"id":107,"href":"http:\/\/masters.pzjudo.pl\/index.php?rest_route=\/wp\/v2\/pages\/79\/revisions\/107"}],"wp:attachment":[{"href":"http:\/\/masters.pzjudo.pl\/index.php?rest_route=%2Fwp%2Fv2%2Fmedia&parent=79"}],"curies":[{"name":"wp","href":"https:\/\/api.w.org\/{rel}","templated":true}]}}